{"id":15,"date":"2021-06-23T22:48:51","date_gmt":"2021-06-23T20:48:51","guid":{"rendered":"http:\/\/forstwirtin.bplaced.net\/wordpress\/?page_id=15"},"modified":"2021-06-25T02:02:16","modified_gmt":"2021-06-25T00:02:16","slug":"gestalte-deine-website-mit-bloecken","status":"publish","type":"page","link":"http:\/\/forstwirtin.bplaced.net\/wordpress\/","title":{"rendered":"S.W.A.T. Forst"},"content":{"rendered":"\n<h2 class=\"alignwide has-text-align-wide has-normal-font-size\" style=\"line-height:1.1\">Ein Spitzname, den mir meine Mutter verliehen hat und der mich wirklich gut beschreibt. S.W.A.T. &#8211; <strong>S<\/strong>pecial <strong>W<\/strong>eapons <strong>A<\/strong>nd <strong>T<\/strong>actics &#8211; genau das mache ich &#8211; mit speziellen Waffen (Technik) und Taktiken (K\u00f6pfchen) effektiv und schnell da Hilfe zu leisten, wo Not am Mann ist oder Gefahr in Verzug. <\/h2>\n\n\n\n<h2 class=\"alignwide has-text-align-wide has-normal-font-size\" style=\"line-height:1.1\">Forst und Jagd sind f\u00fcr mich Berufung und Leidenschaft, F\u00f6rster zu sein, hei\u00dft f\u00fcr mich, Bewahrer und Sprecher des Waldes und der Natur f\u00fcr die n\u00e4chsten Generationen zu sein. Das schlie\u00dft die Nutzung nicht aus, jedoch nachhaltig und generations\u00fcbergreifend geplant. <\/h2>\n\n\n\n<h2 class=\"alignwide has-text-align-wide has-normal-font-size\" style=\"line-height:1.1\">Als J\u00e4ger bin ich der Hege verpflichtet, dazu geh\u00f6rt aber auch das Erlegen, Zerwirken und Vermarkten des Wildes. Reine Troph\u00e4enjagd lehne ich ab.<\/h2>\n\n\n\n<div style=\"height:100px\" aria-hidden=\"true\" class=\"wp-block-spacer\"><\/div>\n\n\n\n<div class=\"wp-block-columns alignwide are-vertically-aligned-center is-style-twentytwentyone-columns-overlap\">\n<div class=\"wp-block-column is-vertically-aligned-center\">\n<figure class=\"wp-block-image alignfull size-large is-style-twentytwentyone-image-frame\"><img loading=\"lazy\" width=\"614\" height=\"1024\" src=\"http:\/\/forstwirtin.bplaced.net\/wordpress\/wp-content\/uploads\/2021\/06\/IMG-20210606-WA0007-614x1024.jpg\" alt=\"\" class=\"wp-image-57\" srcset=\"http:\/\/forstwirtin.bplaced.net\/wordpress\/wp-content\/uploads\/2021\/06\/IMG-20210606-WA0007-614x1024.jpg 614w, http:\/\/forstwirtin.bplaced.net\/wordpress\/wp-content\/uploads\/2021\/06\/IMG-20210606-WA0007-180x300.jpg 180w, http:\/\/forstwirtin.bplaced.net\/wordpress\/wp-content\/uploads\/2021\/06\/IMG-20210606-WA0007-768x1280.jpg 768w, http:\/\/forstwirtin.bplaced.net\/wordpress\/wp-content\/uploads\/2021\/06\/IMG-20210606-WA0007-922x1536.jpg 922w, http:\/\/forstwirtin.bplaced.net\/wordpress\/wp-content\/uploads\/2021\/06\/IMG-20210606-WA0007.jpg 960w\" sizes=\"(max-width: 614px) 100vw, 614px\" \/><figcaption>Eigentlich mag ich es nicht, mich zu zeigen, aber Kitzrettung ist mir wichtig.         <\/figcaption><\/figure>\n\n\n\n<div style=\"height:100px\" aria-hidden=\"true\" class=\"wp-block-spacer\"><\/div>\n\n\n\n<figure class=\"wp-block-image alignfull size-large is-style-twentytwentyone-image-frame\"><img loading=\"lazy\" width=\"1024\" height=\"778\" src=\"http:\/\/forstwirtin.bplaced.net\/wordpress\/wp-content\/uploads\/2021\/06\/IMG_20201219_145358_hdr.jpg\" alt=\"\" class=\"wp-image-62\" srcset=\"http:\/\/forstwirtin.bplaced.net\/wordpress\/wp-content\/uploads\/2021\/06\/IMG_20201219_145358_hdr.jpg 1024w, http:\/\/forstwirtin.bplaced.net\/wordpress\/wp-content\/uploads\/2021\/06\/IMG_20201219_145358_hdr-300x228.jpg 300w, http:\/\/forstwirtin.bplaced.net\/wordpress\/wp-content\/uploads\/2021\/06\/IMG_20201219_145358_hdr-768x584.jpg 768w\" sizes=\"(max-width: 1024px) 100vw, 1024px\" \/><figcaption>&#8222;Die mit dem Hund geht&#8220; &#8211;  ohne Haare am Pulli ist das Leben nur halb so viel wert.<\/figcaption><\/figure>\n<\/div>\n\n\n\n<div class=\"wp-block-column is-vertically-aligned-center\">\n<div style=\"height:100px\" aria-hidden=\"true\" class=\"wp-block-spacer\"><\/div>\n\n\n\n<figure class=\"wp-block-image size-large alignfull size-full is-style-twentytwentyone-image-frame\"><img loading=\"lazy\" width=\"768\" height=\"1024\" src=\"http:\/\/forstwirtin.bplaced.net\/wordpress\/wp-content\/uploads\/2021\/06\/WhatsApp-Image-2020-08-07-at-10.42.46-768x1024.jpg\" alt=\"\" class=\"wp-image-63\" srcset=\"http:\/\/forstwirtin.bplaced.net\/wordpress\/wp-content\/uploads\/2021\/06\/WhatsApp-Image-2020-08-07-at-10.42.46-768x1024.jpg 768w, http:\/\/forstwirtin.bplaced.net\/wordpress\/wp-content\/uploads\/2021\/06\/WhatsApp-Image-2020-08-07-at-10.42.46-225x300.jpg 225w, http:\/\/forstwirtin.bplaced.net\/wordpress\/wp-content\/uploads\/2021\/06\/WhatsApp-Image-2020-08-07-at-10.42.46-1152x1536.jpg 1152w, http:\/\/forstwirtin.bplaced.net\/wordpress\/wp-content\/uploads\/2021\/06\/WhatsApp-Image-2020-08-07-at-10.42.46.jpg 1200w\" sizes=\"(max-width: 768px) 100vw, 768px\" \/><figcaption>Ich schiesse nicht nur mit der Waffe scharf, sondern auch gern Fotos.<\/figcaption><\/figure>\n<\/div>\n<\/div>\n\n\n\n<div style=\"height:50px\" aria-hidden=\"true\" class=\"wp-block-spacer\"><\/div>\n\n\n\n<div class=\"wp-block-columns alignwide are-vertically-aligned-top\">\n<div class=\"wp-block-column is-vertically-aligned-top\">\n<h3>Berufsweg<\/h3>\n\n\n\n<p>Zun\u00e4chst habe ich eine Ausbildung zum Forstwirt in Kunsterspring absolviert. Grundlagen, die man hier erwirbt, sind f\u00fcr ein Studium nicht nur vorteilhaft, vieles wird im Studium h\u00f6chstens &#8222;angeschnitten&#8220;, vieles gar nicht gelehrt, was der Forstwirt in seiner Ausbildung vermittelt bekommt. Daher kann ich eine Lehrausbildung nur empfehlen und bin meinen Lehrausbildern in Theorie und Praxis wirklich dankbar, was mir damals manchmal hart und ungerecht vorkam, hat sich sp\u00e4ter als Vorteil heraus gestellt.<\/p>\n\n\n\n<p>Im Anschlu\u00df habe ich an der HNEE ein Bachelorstudium (Forstwirtschaft B.Sc.  &#8211; FOWI) absolviert, war in G\u00f6ttingen an der Georg-August-Universit\u00e4t &#8211; Fakult\u00e4t f\u00fcr Forstwissenschaften und Wald\u00f6kologie, absolvierte erfolgreich das Berliner Traineeprogramm zur \u201eLaufbahnbef\u00e4higung gehobener Forstdienst\u201c und bin nun Revierleiter im LFB und bestellter Wildschadenssch\u00e4tzer<\/p>\n\n\n\n<p>Dem Rat meiner Mutter bin ich stetig gefolgt &#8211; immer weiter qualifizieren &#8211; &#8222;d\u00fcmmer wird man nimmer&#8220;&#8230;<\/p>\n\n\n\n<p>Es \u00e4ndern sich so viele Gesetze, Richtlinien, F\u00f6rderbedingungen, man muss st\u00e4ndig auf dem Laufenden bleiben, wenn man seinen Beruf optimal aus\u00fcben m\u00f6chte. Man lernt so zudem viele Menschen und Sichtweisen anderer kennen und kann Netzwerke entwickeln.<\/p>\n\n\n\n<figure class=\"wp-block-image is-resized\"><img loading=\"lazy\" src=\"http:\/\/forstwirtin.bplaced.net\/images\/hirschbtn.gif\" alt=\"\" width=\"96\" height=\"42\"\/><figcaption><a href=\"http:\/\/forstwirtin.bplaced.net\/wordpress\/?page_id=66\" data-type=\"page\" data-id=\"66\">mehr zum Beruf <\/a><\/figcaption><\/figure>\n\n\n\n<p style=\"font-size:15px\">           <\/p>\n\n\n\n<figure class=\"wp-block-image is-style-default\"><img src=\"http:\/\/forstwirtin.bplaced.net\/images\/hirschbtn.gif\" alt=\"Dieses Bild hat ein leeres Alt-Attribut. Der Dateiname ist hirschbtn.gif\"\/><figcaption><a href=\"http:\/\/forstwirtin.bplaced.net\/wordpress\/?page_id=105\">einiges \u00fcber den Wald<\/a><\/figcaption><\/figure>\n\n\n\n<p style=\"font-size:15px\"> <\/p>\n\n\n\n<p><\/p>\n<\/div>\n\n\n\n<div class=\"wp-block-column is-vertically-aligned-top\">\n<h3>Jagd<\/h3>\n\n\n\n<p>Vermutlich wurde mir das in die Wiege gelegt, ich war immer im Wald, solange ich denken kann. Generationen von &#8222;Waldmenschen&#8220; in unserer Familie impften das in meine Gene. Tiere waren zu Hause so normal wie das Schlachten und Verarbeiten. Entsprechend habe ich mich zeitig mit Natur, Land- und Forstwirtschaft besch\u00e4ftigt, Praktika gemacht, B\u00fccher gelesen, war im Kaninchenzuchtverein mit eigenen Tieren, mein Jagdschein war eine logische Folge.<\/p>\n\n\n\n<p>Um ihn zu erwerben, habe ich \u00fcber mehrere Wochen einen Intensivkurs unserer Jagdschule absolviert. Das richtige Schie\u00dfen (richtiges Atmen ist alles!) hat mir mein Vater beigebracht. Niemand war so geduldig wie er, der beste Trainer, der jede Schw\u00e4che beobachtete, analysierte und mit mir auswertete, bis sie gemerzt war. \u00dcbung macht den Meister, meine Savage Arms ist heute mein verl\u00e4ngerter Arm, wir sind eins. \u00dcbrigens darf ich auch mittels Narkosegewehr und Blasrohr schie\u00dfen.<\/p>\n\n\n\n<p>Zum Gl\u00fcck konnte ich jederzeit auf die beruflichen Erfahrungen meiner Eltern zur\u00fcck greifen, die meine Passion unterst\u00fctzen.<\/p>\n\n\n\n<p>Heute bin ich staatlich gepr\u00fcfter Jagdaufseher.<\/p>\n\n\n\n<figure class=\"wp-block-image\"><img src=\"http:\/\/forstwirtin.bplaced.net\/images\/hirschbtn.gif\" alt=\"\"\/><figcaption><a href=\"http:\/\/forstwirtin.bplaced.net\/wordpress\/?page_id=194\" data-type=\"page\" data-id=\"194\">\u00fcber die Jagd <\/a><\/figcaption><\/figure>\n<\/div>\n\n\n\n<div class=\"wp-block-column is-vertically-aligned-top\">\n<h3>Hobbys<\/h3>\n\n\n\n<p>Mich interessiert alles, was mit Natur zu tun hat, mein Beruf ist zugleich Hobby, Jagd ist ebenso Berufung, nicht Freizeitgestaltung.<\/p>\n\n\n\n<p>Wenn ich nicht im Berufsrevier bin, dann bin ich im Landkreis als Naturschutzhelfer, Biberbeauftragter und Wolfskundiger  unterwegs. <\/p>\n\n\n\n<p>Mittels eigener Drohne werden Rehkitze gerettet, verlaufene K\u00e4lbchen gesucht, ASP-Schweine ebenso.<\/p>\n\n\n\n<p>Nicht zu vergessen &#8211; ich liebe es nach wie vor, die Kettens\u00e4ge selbst zu &#8222;schwingen&#8220;. Es ist schon erhebend, wenn der Baum punktgenau da liegt, wo man ihn haben m\u00f6chte, die Erde bebt, wenn er aufschl\u00e4gt. Die gesamte F\u00e4llung bis zum Kloben, der f\u00fcr die Heizung ist, ist kraftraubend, erfordert Konzentration und erdet ungemein.<\/p>\n\n\n\n<p>O.K. &#8211; nun werden Sie sagen &#8211; kein Hobby, immer nur Beruf. So empfinde ich das nicht.<\/p>\n\n\n\n<p>Au\u00dferdem liebe ich meine Hunde, ohne Fellnase w\u00e4re mein Leben nicht vollst\u00e4ndig.<\/p>\n\n\n\n<p>Als Kind mit H\u00fctehunden aufgewachsen, sind heute Jagdhunde im Haus. Das derzeitige Dreamteam besteht aus Deutsch Drahthaar und Deutschem Jagdterrier. <\/p>\n\n\n\n<p>Und wenn dann noch Zeit ist, mache ich Foto\u00b4s \ud83d\ude09<\/p>\n\n\n\n<figure class=\"wp-block-image\"><img src=\"http:\/\/forstwirtin.bplaced.net\/images\/hirschbtn.gif\" alt=\"\"\/><figcaption><a href=\"http:\/\/forstwirtin.bplaced.net\/wordpress\/?page_id=243\" data-type=\"page\" data-id=\"243\">mehr zu dem, wof\u00fcr ich mich engagiere<\/a><\/figcaption><\/figure>\n<\/div>\n<\/div>\n\n\n\n<div style=\"height:100px\" aria-hidden=\"true\" class=\"wp-block-spacer\"><\/div>\n\n\n\n<p><\/p>\n","protected":false},"excerpt":{"rendered":"<p>Ein Spitzname, den mir meine Mutter verliehen hat und der mich wirklich gut beschreibt. S.W.A.T. &#8211; Special Weapons And Tactics &#8211; genau das mache ich &#8211; mit speziellen Waffen (Technik) und Taktiken (K\u00f6pfchen) effektiv und schnell da Hilfe zu leisten, wo Not am Mann ist oder Gefahr in Verzug. Forst und Jagd sind f\u00fcr mich&hellip; <a class=\"more-link\" href=\"http:\/\/forstwirtin.bplaced.net\/wordpress\/\"><span class=\"screen-reader-text\">S.W.A.T. Forst<\/span> weiterlesen<\/a><\/p>\n","protected":false},"author":1,"featured_media":0,"parent":0,"menu_order":0,"comment_status":"closed","ping_status":"closed","template":"","meta":[],"_links":{"self":[{"href":"http:\/\/forstwirtin.bplaced.net\/wordpress\/index.php?rest_route=\/wp\/v2\/pages\/15"}],"collection":[{"href":"http:\/\/forstwirtin.bplaced.net\/wordpress\/index.php?rest_route=\/wp\/v2\/pages"}],"about":[{"href":"http:\/\/forstwirtin.bplaced.net\/wordpress\/index.php?rest_route=\/wp\/v2\/types\/page"}],"author":[{"embeddable":true,"href":"http:\/\/forstwirtin.bplaced.net\/wordpress\/index.php?rest_route=\/wp\/v2\/users\/1"}],"replies":[{"embeddable":true,"href":"http:\/\/forstwirtin.bplaced.net\/wordpress\/index.php?rest_route=%2Fwp%2Fv2%2Fcomments&post=15"}],"version-history":[{"count":13,"href":"http:\/\/forstwirtin.bplaced.net\/wordpress\/index.php?rest_route=\/wp\/v2\/pages\/15\/revisions"}],"predecessor-version":[{"id":247,"href":"http:\/\/forstwirtin.bplaced.net\/wordpress\/index.php?rest_route=\/wp\/v2\/pages\/15\/revisions\/247"}],"wp:attachment":[{"href":"http:\/\/forstwirtin.bplaced.net\/wordpress\/index.php?rest_route=%2Fwp%2Fv2%2Fmedia&parent=15"}],"curies":[{"name":"wp","href":"https:\/\/api.w.org\/{rel}","templated":true}]}}

<h2 class="alignwide has-text-align-wide has-normal-font-size" style="line-height:1.1">Ein Spitzname, den mir meine Mutter verliehen hat und der mich wirklich gut beschreibt. S.W.A.T. &#8211; <strong>S</strong>pecial <strong>W</strong>eapons <strong>A</strong>nd <strong>T</strong>actics &#8211; genau das mache ich &#8211; mit speziellen Waffen (Technik) und Taktiken (Köpfchen) effektiv und schnell da Hilfe zu leisten, wo Not am Mann ist oder Gefahr in Verzug. </h2>



<h2 class="alignwide has-text-align-wide has-normal-font-size" style="line-height:1.1">Forst und Jagd sind für mich Berufung und Leidenschaft, Förster zu sein, heißt für mich, Bewahrer und Sprecher des Waldes und der Natur für die nächsten Generationen zu sein. Das schließt die Nutzung nicht aus, jedoch nachhaltig und generationsübergreifend geplant. </h2>



<h2 class="alignwide has-text-align-wide has-normal-font-size" style="line-height:1.1">Als Jäger bin ich der Hege verpflichtet, dazu gehört aber auch das Erlegen, Zerwirken und Vermarkten des Wildes. Reine Trophäenjagd lehne ich ab.</h2>



<div style="height:100px" aria-hidden="true" class="wp-block-spacer"></div>



<div class="wp-block-columns alignwide are-vertically-aligned-center is-style-twentytwentyone-columns-overlap">
<div class="wp-block-column is-vertically-aligned-center">
<figure class="wp-block-image alignfull size-large is-style-twentytwentyone-image-frame"><img loading="lazy" width="614" height="1024" src="http://forstwirtin.bplaced.net/wordpress/wp-content/uploads/2021/06/IMG-20210606-WA0007-614x1024.jpg" alt="" class="wp-image-57" srcset="http://forstwirtin.bplaced.net/wordpress/wp-content/uploads/2021/06/IMG-20210606-WA0007-614x1024.jpg 614w, http://forstwirtin.bplaced.net/wordpress/wp-content/uploads/2021/06/IMG-20210606-WA0007-180x300.jpg 180w, http://forstwirtin.bplaced.net/wordpress/wp-content/uploads/2021/06/IMG-20210606-WA0007-768x1280.jpg 768w, http://forstwirtin.bplaced.net/wordpress/wp-content/uploads/2021/06/IMG-20210606-WA0007-922x1536.jpg 922w, http://forstwirtin.bplaced.net/wordpress/wp-content/uploads/2021/06/IMG-20210606-WA0007.jpg 960w" sizes="(max-width: 614px) 100vw, 614px" /><figcaption>Eigentlich mag ich es nicht, mich zu zeigen, aber Kitzrettung ist mir wichtig.         </figcaption></figure>



<div style="height:100px" aria-hidden="true" class="wp-block-spacer"></div>



<figure class="wp-block-image alignfull size-large is-style-twentytwentyone-image-frame"><img loading="lazy" width="1024" height="778" src="http://forstwirtin.bplaced.net/wordpress/wp-content/uploads/2021/06/IMG_20201219_145358_hdr.jpg" alt="" class="wp-image-62" srcset="http://forstwirtin.bplaced.net/wordpress/wp-content/uploads/2021/06/IMG_20201219_145358_hdr.jpg 1024w, http://forstwirtin.bplaced.net/wordpress/wp-content/uploads/2021/06/IMG_20201219_145358_hdr-300x228.jpg 300w, http://forstwirtin.bplaced.net/wordpress/wp-content/uploads/2021/06/IMG_20201219_145358_hdr-768x584.jpg 768w" sizes="(max-width: 1024px) 100vw, 1024px" /><figcaption>&#8222;Die mit dem Hund geht&#8220; &#8211;  ohne Haare am Pulli ist das Leben nur halb so viel wert.</figcaption></figure>
</div>



<div class="wp-block-column is-vertically-aligned-center">
<div style="height:100px" aria-hidden="true" class="wp-block-spacer"></div>



<figure class="wp-block-image size-large alignfull size-full is-style-twentytwentyone-image-frame"><img loading="lazy" width="768" height="1024" src="http://forstwirtin.bplaced.net/wordpress/wp-content/uploads/2021/06/WhatsApp-Image-2020-08-07-at-10.42.46-768x1024.jpg" alt="" class="wp-image-63" srcset="http://forstwirtin.bplaced.net/wordpress/wp-content/uploads/2021/06/WhatsApp-Image-2020-08-07-at-10.42.46-768x1024.jpg 768w, http://forstwirtin.bplaced.net/wordpress/wp-content/uploads/2021/06/WhatsApp-Image-2020-08-07-at-10.42.46-225x300.jpg 225w, http://forstwirtin.bplaced.net/wordpress/wp-content/uploads/2021/06/WhatsApp-Image-2020-08-07-at-10.42.46-1152x1536.jpg 1152w, http://forstwirtin.bplaced.net/wordpress/wp-content/uploads/2021/06/WhatsApp-Image-2020-08-07-at-10.42.46.jpg 1200w" sizes="(max-width: 768px) 100vw, 768px" /><figcaption>Ich schiesse nicht nur mit der Waffe scharf, sondern auch gern Fotos.</figcaption></figure>
</div>
</div>



<div style="height:50px" aria-hidden="true" class="wp-block-spacer"></div>



<div class="wp-block-columns alignwide are-vertically-aligned-top">
<div class="wp-block-column is-vertically-aligned-top">
<h3>Berufsweg</h3>



<p>Zunächst habe ich eine Ausbildung zum Forstwirt in Kunsterspring absolviert. Grundlagen, die man hier erwirbt, sind für ein Studium nicht nur vorteilhaft, vieles wird im Studium höchstens &#8222;angeschnitten&#8220;, vieles gar nicht gelehrt, was der Forstwirt in seiner Ausbildung vermittelt bekommt. Daher kann ich eine Lehrausbildung nur empfehlen und bin meinen Lehrausbildern in Theorie und Praxis wirklich dankbar, was mir damals manchmal hart und ungerecht vorkam, hat sich später als Vorteil heraus gestellt.</p>



<p>Im Anschluß habe ich an der HNEE ein Bachelorstudium (Forstwirtschaft B.Sc.  &#8211; FOWI) absolviert, war in Göttingen an der Georg-August-Universität &#8211; Fakultät für Forstwissenschaften und Waldökologie, absolvierte erfolgreich das Berliner Traineeprogramm zur „Laufbahnbefähigung gehobener Forstdienst“ und bin nun Revierleiter im LFB und bestellter Wildschadensschätzer</p>



<p>Dem Rat meiner Mutter bin ich stetig gefolgt &#8211; immer weiter qualifizieren &#8211; &#8222;dümmer wird man nimmer&#8220;&#8230;</p>



<p>Es ändern sich so viele Gesetze, Richtlinien, Förderbedingungen, man muss ständig auf dem Laufenden bleiben, wenn man seinen Beruf optimal ausüben möchte. Man lernt so zudem viele Menschen und Sichtweisen anderer kennen und kann Netzwerke entwickeln.</p>



<figure class="wp-block-image is-resized"><img loading="lazy" src="http://forstwirtin.bplaced.net/images/hirschbtn.gif" alt="" width="96" height="42"/><figcaption><a href="http://forstwirtin.bplaced.net/wordpress/?page_id=66" data-type="page" data-id="66">mehr zum Beruf </a></figcaption></figure>



<p style="font-size:15px">           </p>



<figure class="wp-block-image is-style-default"><img src="http://forstwirtin.bplaced.net/images/hirschbtn.gif" alt="Dieses Bild hat ein leeres Alt-Attribut. Der Dateiname ist hirschbtn.gif"/><figcaption><a href="http://forstwirtin.bplaced.net/wordpress/?page_id=105">einiges über den Wald</a></figcaption></figure>



<p style="font-size:15px"> </p>



<p></p>
</div>



<div class="wp-block-column is-vertically-aligned-top">
<h3>Jagd</h3>



<p>Vermutlich wurde mir das in die Wiege gelegt, ich war immer im Wald, solange ich denken kann. Generationen von &#8222;Waldmenschen&#8220; in unserer Familie impften das in meine Gene. Tiere waren zu Hause so normal wie das Schlachten und Verarbeiten. Entsprechend habe ich mich zeitig mit Natur, Land- und Forstwirtschaft beschäftigt, Praktika gemacht, Bücher gelesen, war im Kaninchenzuchtverein mit eigenen Tieren, mein Jagdschein war eine logische Folge.</p>



<p>Um ihn zu erwerben, habe ich über mehrere Wochen einen Intensivkurs unserer Jagdschule absolviert. Das richtige Schießen (richtiges Atmen ist alles!) hat mir mein Vater beigebracht. Niemand war so geduldig wie er, der beste Trainer, der jede Schwäche beobachtete, analysierte und mit mir auswertete, bis sie gemerzt war. Übung macht den Meister, meine Savage Arms ist heute mein verlängerter Arm, wir sind eins. Übrigens darf ich auch mittels Narkosegewehr und Blasrohr schießen.</p>



<p>Zum Glück konnte ich jederzeit auf die beruflichen Erfahrungen meiner Eltern zurück greifen, die meine Passion unterstützen.</p>



<p>Heute bin ich staatlich geprüfter Jagdaufseher.</p>



<figure class="wp-block-image"><img src="http://forstwirtin.bplaced.net/images/hirschbtn.gif" alt=""/><figcaption><a href="http://forstwirtin.bplaced.net/wordpress/?page_id=194" data-type="page" data-id="194">über die Jagd </a></figcaption></figure>
</div>



<div class="wp-block-column is-vertically-aligned-top">
<h3>Hobbys</h3>



<p>Mich interessiert alles, was mit Natur zu tun hat, mein Beruf ist zugleich Hobby, Jagd ist ebenso Berufung, nicht Freizeitgestaltung.</p>



<p>Wenn ich nicht im Berufsrevier bin, dann bin ich im Landkreis als Naturschutzhelfer, Biberbeauftragter und Wolfskundiger  unterwegs. </p>



<p>Mittels eigener Drohne werden Rehkitze gerettet, verlaufene Kälbchen gesucht, ASP-Schweine ebenso.</p>



<p>Nicht zu vergessen &#8211; ich liebe es nach wie vor, die Kettensäge selbst zu &#8222;schwingen&#8220;. Es ist schon erhebend, wenn der Baum punktgenau da liegt, wo man ihn haben möchte, die Erde bebt, wenn er aufschlägt. Die gesamte Fällung bis zum Kloben, der für die Heizung ist, ist kraftraubend, erfordert Konzentration und erdet ungemein.</p>



<p>O.K. &#8211; nun werden Sie sagen &#8211; kein Hobby, immer nur Beruf. So empfinde ich das nicht.</p>



<p>Außerdem liebe ich meine Hunde, ohne Fellnase wäre mein Leben nicht vollständig.</p>



<p>Als Kind mit Hütehunden aufgewachsen, sind heute Jagdhunde im Haus. Das derzeitige Dreamteam besteht aus Deutsch Drahthaar und Deutschem Jagdterrier. </p>



<p>Und wenn dann noch Zeit ist, mache ich Foto´s 😉</p>



<figure class="wp-block-image"><img src="http://forstwirtin.bplaced.net/images/hirschbtn.gif" alt=""/><figcaption><a href="http://forstwirtin.bplaced.net/wordpress/?page_id=243" data-type="page" data-id="243">mehr zu dem, wofür ich mich engagiere</a></figcaption></figure>
</div>
</div>



<div style="height:100px" aria-hidden="true" class="wp-block-spacer"></div>



<p></p>

<p>Ein Spitzname, den mir meine Mutter verliehen hat und der mich wirklich gut beschreibt. S.W.A.T. &#8211; Special Weapons And Tactics &#8211; genau das mache ich &#8211; mit speziellen Waffen (Technik) und Taktiken (Köpfchen) effektiv und schnell da Hilfe zu leisten, wo Not am Mann ist oder Gefahr in Verzug. Forst und Jagd sind für mich&hellip; <a class="more-link" href="http://forstwirtin.bplaced.net/wordpress/"><span class="screen-reader-text">S.W.A.T. Forst</span> weiterlesen</a></p>
